*n**2 + 2*n. Give u(7).
-12
Let i(f) = -f**2 + f - 2. Let y = -2326 + 2330. Let z(d) = 0*d + 10 + 2*d + d + 5*d**2. Let m(s) = y*i(s) + z(s). Calculate m(-8).
10
Let m(c) = 34*c**3 - 31*c - 78. Let n(j) = 25*j**3 - 23*j - 59. Let a(p) = 11*m(p) - 15*n(p). What is a(0)?
27
Let j(n) = n**3 - 9*n**2 - 3*n + 28. Let t be j(8). Let s = 124 + t. Let h = s + -54. Let f(d) = -d**3 + 11*d**2 - 12*d + 13. Calculate f(h).
-7
Let z(t) = t**3 + 28*t**2 + 25*t - 63. Suppose -4*u = -y + 104, -5*u + 1680*y - 1678*y - 127 = 0. What is z(u)?
-9
Let b(v) = -2567*v**2 - v - 6*v + 5139*v**2 - 2571*v**2 + 9. Give b(5).
-1
Let a be -3 + -1 + 12 - 5. Let r be 4 - 1*(0 + -1). Let h(i) = 7*i + 2 - r*i**2 - 9*i - a*i + 4*i**2. Determine h(-7).
-12
Let v(g) = -g + 2. Let t(l) be the first derivative of -6*l**2 + 14*l - 115. Let u(z) = -2*t(z) + 22*v(z). Give u(-7).
2
Let t(z) = 389*z - 5. Let c(j) = -1072*j + 14. Let d(l) = -4*c(l) - 11*t(l). What is d(-6)?
-55
Let g(z) = -z**2 + 7*z. Let h(u) be the second derivative of u**5/20 + u**3/6 - 3*u**2/2 - 51*u. Let d be h(2). Give g(d).
0
Let x(g) = -g**3 - 17*g**2 + 4*g + 12. Let p(c) = -2*c**3 - 39*c**2 + 8*c + 26. Let r(n) = -3*p(n) + 7*x(n). Calculate r(-3).
3
Let x(o) = -63*o - o + 0*o**3 - 6*o**2 + 7 - 2*o**3 + 70*o. Determine x(-3).
-11
Let u(y) = y**2 + 6*y. Let a = -5 - -3. Suppose -106 = -4*f - 90, f = 2*d + 130. Let o be a - d/28 - (-29)/(-4). Calculate u(o).
7
Let t(m) = 4*m**3 + 2*m**2 - 2*m + 1. Let y(o) = 15*o**3 + 17*o**2 - 23*o + 53. Let p(i) = 4*t(i) - y(i). What is p(8)?
7
Let k = -57 + 37. Let a = k - -16. Let h(s) be the first derivative of s**3/3 + 2*s**2 + 608. Determine h(a).
0
Let k be (-22)/(-14) - 42/(-98). Let y(v) = -k - v + 13 + 3 + 2*v. Let x = 0 + 0. Determine y(x).
14
Let d(b) = 10*b**3 - b**2 - 5*b - 7. Let s(v) = -7*v**3 + 3*v + 5. Let z(q) = 3*d(q) + 4*s(q). Calculate z(3).
17
Suppose -16*w = 9*w + 81 - 256. Let v(m) = 25*m - 31. Give v(w).
144
Let i(y) be the third derivative of y**3 + 32*y**2 + 0 + 2*y - 1/24*y**4. Determine i(9).
-3
Let v(u) = -u**3 - 176*u**2 - 17*u - 2987. Let x be v(-176). Let o be 1/((-1)/3*-1). Let c(g) = -g**2 + 2 + o*g + 2 + 0. Calculate c(x).
-6
Let l(v) be the first derivative of v**4/2 + v**3 - 3*v**2/2 + 4*v - 194. Let t be (-6 - -4)*(-3)/2*-1. Calculate l(t).
-14
Let u be ((-1)/(34/(-6)))/(84/1428). Let t(x) = -43*x + 10. Calculate t(u).
-119
Let l(t) = t**3 + t**2 + 3. Let o(h) = -2*h**2 - 4*h + 71. Let c be o(-6). Suppose -c*b = -27*b. Calculate l(b).
3
Let m be (-826 - -824)*(35/2)/7. Let x(s) = 4 + 4*s + 2 + s**2 + s. Give x(m).
6
Let x(j) be the second derivative of j**3/6 + 2*j**2 - 21*j. Let k(l) = 15*l + 96. Let q be k(-6). Give x(q).
10
Let g(b) = 2*b**3 - 12*b**2 + 12*b - 9. Let m be g(5). Let s(p) = -p**2 - p. Let t(l) = 2*l**2 + 8*l - 1. Let q(y) = m*t(y) + s(y). Calculate q(-8).
7
Let c(s) = -s**3 + 5*s**2 - 2*s + 3. Let q be c(4). Let d = q + -6. Let o(u) be the second derivative of -u**4/12 + u**3 - u**2 + 17*u + 171. Give o(d).
3
Let b be 18 + -38 + (27 - 10). Let d(o) = -8*o - 27. What is d(b)?
-3
Let u be -10 - (12/(-5))/((-142)/1065). Let v(s) = -s + 12. Calculate v(u).
40
Let t(u) = -5*u**2 - 18*u + 37. Let m(n) = -n**2 + 1. Let l(d) = 6*m(d) - t(d). Let i be 14 - 8*(-4)/16. Calculate l(i).
1
Let t(k) = -15*k - 1352. Let o be t(-90). Let h(g) = -3*g**3 + 4*g - 1. What is h(o)?
15
Let s(r) = -r**2 + 3*r + 28. Suppose -20*w + 198 = 3*w - w. Calculate s(w).
-26
Let w(h) = 15*h + 87. Let j(a) = a**3 - 2*a**2 + 9*a - 42. Let r be j(3). Calculate w(r).
-3
Let h(z) = -12*z + 97. Suppose 32 = 2*m + 199*d - 202*d, -3*d = -5*m + 62. Calculate h(m).
-23
Let p = -16416 - -16401. Let u(d) = -d**2 - 17*d - 50. What is u(p)?
-20
Let r(g) = -20*g + 95. Let o(d) = -23*d + 109. Let z(c) = -3*o(c) + 4*r(c). Calculate z(7).
-24
Let c(r) = -80*r + 50. Suppose -47*q - 314 = 1331. Let v(d) = -9*d + 6. Let u(s) = q*v(s) + 4*c(s). Determine u(-4).
10
Let c(p) = -14*p**2 - 405 - p**3 + 258 + 180 + 16*p. Calculate c(-15).
18
Let j(o) = 56*o**2 + 15*o - 4. Let p(m) = -84*m**2 - 23*m + 6. Let y(k) = 11*j(k) + 7*p(k). What is y(1)?
30
Let z be -3 + 4 + (0 - -2) + 24/16. Let t(x) be the first derivative of -1/3*x**3 - x + z*x**2 - 2. Calculate t(6).
17
Let a(i) = 237*i + 24. Let z(s) = 331*s + 36. Let g(d) = -7*a(d) + 5*z(d). Calculate g(0).
12
Let w be (-50)/30 + 20/(-6). Let s(v) be the first derivative of -1/3*v**3 + 26 + 0*v - v**2. What is s(w)?
-15
Let g(p) = 4*p + 40. Let y(d) = -d - 13. Let x(n) = -2*g(n) - 7*y(n). Suppose 3*s - 32*s + 232 = 0. Calculate x(s).
3
Let b(a) = a**3 + 4*a**2 - 3*a - 1. Let l(z) = -z**3 - 8*z**2 + 2*z + 1. Let c(m) = -2*b(m) - 3*l(m). Calculate c(-16).
-1
Let p(f) = -3*f**2 + 5*f + 2. Let r be (28/(-49))/((-69)/21 + 3). Let i(u) = 2*u. Let l(g) = r*i(g) - p(g). Determine l(-1).
2
Let p(x) be the second derivative of -1/3*x**3 - 1/2*x**2 + 0 + 8*x. Let g be (-12)/(3 - 6) - 6. What is p(g)?
3
Let a(d) be the second derivative of -13*d**3/6 - 111*d**2 + 21*d - 1. Let z be a(-17). Let w(x) = 3*x. Determine w(z).
-3
Let j(h) = 5*h**3 + 39*h**2 - 7*h + 15. Let f be 2/(-9 - (-455)/52). Give j(f).
7
Let p(y) = 8*y**3 - 7*y**2 + 16. Let c(u) = 5*u**3 - 3*u**2 - 2*u + 7. Let m(g) = -5*c(g) + 3*p(g). Calculate m(-7).
-8
Let u(i) = i**3 + 7*i**2 - 2*i - 5. Let m(q) = -2*q**2 + 18*q - 12. Let b be m(5). Suppose 9*r - 5*r = -b. Give u(r).
9
Let u be -11 + 35 - (-2 + -1). Suppose 0 = u*o - 57*o - 120. Let h(m) = m**2 + 2*m - 8. Determine h(o).
0
Let a(c) = 9*c - 59. Let m = -13651 - -13657. Determine a(m).
-5
Let d(u) = -9*u - 16. Suppose 279*b - 204*b + 75 = 0. Give d(b).
-7
Let m(g) = -5*g**3 + 3*g**2 - g - 1. Let d(y) = -31*y**3 + 2*y**2 - 5*y - 6. Let a(p) = d(p) - 6*m(p). Calculate a(-16).
-16
Let n = -60 + 68. Let d be 1/2 + (-4)/n. Suppose -48 = -4*v + 10*l - 8*l, 3*l = d. Let t(i) = i**3 - 12*i**2 + 2*i - 17. Calculate t(v).
7
Let k(j) be the first derivative of 13*j**2/2 + j + 202. Let b(z) = -z**3 + 6*z**2 + z - 7. Let m be b(6). What is k(m)?
-12
Let g = 47 + -45. Let m(a) = 301 - 296 + 5*a - g*a. Let y(f) = -f**3 + 18*f**2 - 16*f - 23. Let b be y(17). What is m(b)?
-13
Suppose 27*a - 28*a + 1 = 0. Suppose 4*p + 5*z - a = 0, 9*p - 2*z = 7*p + 14. Let h(j) = 3*j - 4. Determine h(p).
8
Let y(u) = -2*u**3 - 7*u**2 - 14*u + 2. Let t(b) = -b**3 - 5*b**2 - 11*b + 1. Let w(x) = -3*t(x) + 2*y(x). What is w(4)?
-27
Suppose 0 = 5*o - 10 - 5. Let d be -2 + (-16)/(0 - 1). Let j(l) = -o*l - l**3 - 6*l + d*l - 3*l**2 - 2*l. Calculate j(-4).
4
Let b be ((-1252)/(-939))/((-68)/(-6)) + (-49)/(-17). Let s(l) = -3*l**2 + 8*l - 19. Determine s(b).
-22
Let r(h) = 13*h - 28. Suppose 5*u = 0, -105*u = -3*x - 100*u + 18. Give r(x).
50
Let d(m) be the second derivative of 2*m**3 + 46*m**2 - 6760*m. Give d(0).
92
Let k = 923/6402 - -24/1067. Let b(g) be the second derivative of 0 - 40*g - 2*g**2 - k*g**3. Determine b(-4).
0
Let q be (-5)/(-1) + (-3)/6*10. Let l(w) be the second derivative of 0 + 1/2*w**4 + 0*w**3 - 18*w + q*w**2. Determine l(1).
6
Suppose 1073*r - 657*r + 1664 = 0. Let i(u) be the second derivative of -2*u**3/3 + u**2 + 2*u. Determine i(r).
18
Let y = 223 - 219. Let u(r) = 11*r**2 + 14 - y*r**3 - 110*r + 3*r**3 + 109*r. Determine u(11).
3
Let h(l) = -47*l**3 - l**2 + 5*l + 8. Let f(x) = -63*x**3 - 4*x**2 + 5*x + 8. Let i(u) = 3*f(u) - 4*h(u). Suppose -2*a + 7 = -3*a. Determine i(a).
-22
Let z be ((-5)/2)/(3/6 + 392/(-882)). Let n(g) = -g**3 - 42*g**2 + 135*g + 9. Calculate n(z).
9
Suppose 0 = -3*z + 3*u - 30, 11 + 14 = -2*z + 3*u. Let n(t) = t**2 - 14*t - 91. Let i be n(z). Let q(h) = -4*h + 6. What is q(i)?
-10
Let c = -257 + 262. Suppose -4*v + 2*v - 4 = 0, -p - 5*v - c = 0. Let o(a) = -a + 5. Calculate o(p).
0
Let c(f) = -f**2. Let p = -862 - -864. Suppose 70 - 68 = p*s. What is c(s)?
-1
Let a(f) = f**2 + 3*f + 2. Let u = -476 + 478. Suppose 4*t + 4*r = 8, -u*r + 4 = -2*t - 12. What is a(t)?
2
Let i(n) be the second derivative of -14*n**3/3 + n**2/2 - 2546*n. Suppose 4*p - 14 = 4*j + 2, 4*j + p = 9. Calculate i(j).
-27
Let b be 61/(-3) + (-2)/(-6). Let g = b - -13. Let h(k) = 844 + 8*k - k**3 - 854 - 6*k - 7*k**2 - 3*k. Give h(g).
-3
Let f(w) be the first derivative of w**4/4 - w**3 - 9*w**2/2 + 21*w - 2017. Calculate f(3).
-6
Let s(j) = -